(base 6) in base 16?
-2
Convert 50 (base 7) to base 8.
43
-b (base 12) to base 2
-1011
Convert 147 (base 11) to base 15.
b7
5 (base 9) to base 14
5
What is 5 (base 13) in base 16?
5
What is 2 (base 6) in base 4?
2
What is 3 (base 10) in base 5?
3
76 (base 8) to base 4
332
What is 2 (base 15) in base 13?
2
What is -10100 (base 2) in base 8?
-24
Convert -2 (base 9) to base 16.
-2
Convert -110 (base 5) to base 4.
-132
Convert -13 (base 9) to base 10.
-12
Convert 28 (base 10) to base 9.
31
-1214 (base 5) to base 9
-224
What is -33 (base 10) in base 2?
-100001
Convert 22 (base 7) to base 6.
24
What is -1010 (base 2) in base 5?
-20
-38 (base 13) to base 8
-57
Convert 40 (base 5) to base 10.
20
104 (base 8) to base 2
1000100
-101 (base 4) to base 3
-122
Convert 2 (base 15) to base 12.
2
Convert -1011 (base 3) to base 15.
-21
Convert 91 (base 10) to base 16.
5b
-b4 (base 12) to base 9
-161
Convert 3f (base 16) to base 3.
2100
1232 (base 4) to base 6
302
Convert 4 (base 15) to base 7.
4
26 (base 15) to base 6
100
What is 31 (base 5) in base 13?
13
121 (base 3) to base 16
10
What is -13 (base 8) in base 10?
-11
What is -7 (base 15) in base 12?
-7
What is -3a (base 15) in base 13?
-43
What is -7 (base 9) in base 4?
-13
-11 (base 2) to base 12
-3
What is -14a (base 11) in base 5?
-1200
What is -11101 (base 2) in base 16?
-1d
20 (base 3) to base 16
6
0 (base 12) to base 3
0
11 (base 14) to base 2
1111
-3 (base 16) to base 6
-3
Convert 0 (base 4) to base 15.
0
What is 0 (base 8) in base 13?
0
10011 (base 2) to base 8
23
2 (base 6) to base 10
2
Convert 18e (base 15) to base 9.
438
What is -1 (base 16) in base 9?
-1
Convert -145 (base 15) to base 10.
-290
-2 (base 14) to base 15
-2
What is -1 (base 4) in base 15?
-1
What is -78 (base 15) in base 5?
-423
4 (base 9) to base 7
4
What is -10 (base 4) in base 15?
-4
Convert 5 (base 9) to base 14.
5
-43 (base 5) to base 11
-21
What is 2 (base 11) in base 8?
2
-3 (base 12) to base 15
-3
Convert 234 (base 8) to base 9.
183
What is 14 (base 7) in base 16?
b
1 (base 10) to base 2
1
Convert 6 (base 8) to base 5.
11
Convert 34 (base 9) to base 12.
27
Convert 310 (base 4) to base 13.
40
Convert -6 (base 8) to base 13.
-6
What is 9 (base 14) in base 3?
100
What is 5a (base 11) in base 14?
49
0 (base 13) to base 3
0
What is 30 (base 8) in base 4?
120
Convert -4 (base 10) to base 5.
-4
1 (base 8) to base 14
1
What is -a4 (base 11) in base 5?
-424
Convert 1 (base 14) to base 10.
1
7 (base 11) to base 3
21
-1 (base 2) to base 6
-1
Convert 30 (base 4) to base 15.
c
What is 38 (base 16) in base 3?
2002
What is -10 (base 4) in base 15?
-4
What is -5 (base 15) in base 11?
-5
Convert 60 (base 13) to base 10.
78
56 (base 10) to base 5
211
Convert 2 (base 10) to base 8.
2
-103 (base 4) to base 5
-34
Convert 13 (base 7) to base 10.
10
Convert -11101 (base 2) to base 16.
-1d
32 (base 5) to base 9
18
What is 7 (base 14) in base 4?
13
What is -143 (base 6) in base 14?
-47
Convert 12 (base 4) to base 7.
6
Convert -3 (base 13) to base 5.
-3
What is 10 (base 4) in base 13?
4
Convert 1 (base 11) to base 14.
1
Convert -13 (base 8) to base 5.
-21
Convert 1110 (base 2) to base 10.
14
What is -101 (base 4) in base 12?
-15
Convert 0 (base 6) to base 16.
0
-1 (base 14) to base 12
-1
Convert 1 (base 2) to base 11.
1
What is -12 (base 16) in base 10?
-18
3 (base 13) to base 16
3
Convert -5d (base 15) to base 8.
-130
6 (base 12) to base 4
12
-2 (base 3) to base 16
-2
Convert 35 (base 11) to base 13.
2c
Convert -11 (base 4) to base 15.
-5
12 (base 7) to base 3
100
What is 213 (base 8) in base 13?
a9
Convert -49 (base 14) to base 5.
-230
What is 10 (base 11) in base 4?
23
Convert -1 (base 2) to base 14.
-1
-c (base 14) to base 12
-10
What is -5 (base 12) in base 3?
-12
What is 76 (base 14) in base 13?
80
What is -36 (base 13) in base 11?
-41
-11310 (base 4) to base 8
-564
Convert 18 (base 12) to base 10.
20
Convert -3 (base 8) to base 7.
-3
Convert -1110 (base 2) to base 5.
-24
What is 10 (base 3) in base 13?
3
-221 (base 5) to base 8
-75
-52 (base 12) to base 2
-111110
-10 (base 4) to base 8
-4
Convert -2 (base 13) to base 11.
-2
What is -21 (base 5) in base 11?
-10
-25 (base 8) to base 14
-17
-58 (base 11) to base 8
-77
Convert 10 (base 2) to base 10.
2
What is 15 (base 15) in base 5?
40
100010001 (base 2) to base 10
273
4 (base 9) to base 7
4
-50 (base 12) to base 13
-48
What is 10 (base 3) in base 16?
3
Convert -100 (base 7) to base 9.
-54
150 (base 6) to base 13
51
Convert -101110 (base 2) to base 16.
-2e
152 (base 7) to base 12
72
Convert -2 (base 13) to base 4.
-2
2 (base 12) to base 10
2
Convert 101 (base 2) to base 8.
5
Convert 15 (base 15) to base 14.
16
What is 7 (base 12) in base 15?
7
Convert -52 (base 14) to base 10.
-72
Convert -110 (base 2) to base 12.
-6
-30 (base 12) to base 7
-51
-2 (base 13) to base 16
-2
-1313 (base 4) to base 12
-9b
Convert -9 (base 12) to base 7.
-12
1010100 (base 2) to base 16
54
What is -2 (base 3) in base 7?
-2
-12 (base 13) to base 12
-13
Convert 7 (base 11) to base 15.
7
Convert 13 (base 8) to base 12.
b
4 (base 5) to base 4
10
What is 8b (base 15) in base 3?
11212
-353 (base 7) to base 10
-185
What is -1b (base 12) in base 8?
-27
What is -6 (base 8) in base 11?
-6
-15 (base 7) to base 2
-1100
b (base 15) to base 5
21
Convert 125 (base 13) to base 10.
200
1 (base 6) to base 12
1
Convert -b1 (base 13) to base 7.
-264
-2 (base 10) to base 16
-2
What is -7 (base 11) in base 8?
-7
What is -23 (base 10) in base 9?
-25
-120 (base 4) to base 10
-24
-275 (base 11) to base 6
-1300
1 (base 5) to base 9
1
What is 1 (base 4) in base 2?
1
What is -6 (base 10) in base 13?
-6
Convert c (base 13) to base 7.
15
What is -8 (base 15) in base 13?
-8
Convert 1 (base 2) to base 8.
1
21 (base 3) to base 13
7
-23 (base 5) to base 7
-16
What is 11 (base 2) in base 13?
3
Convert 55 (base 15) to base 9.
88
What is -11 (base 6) in base 12?
-7
Convert 8c (base 13) to base 15.
7b
Convert -2 (base 13) to base 6.
-2
What is -1 (base 4) in base 12?
-1
What is 2 (base 4) in base 11?
2
Convert 54 (base 16) to base 5.
314
Convert 5 (base 10) to base 15.
5
-42 (base 12) to base 15
-35
Convert 3 (base 10) to base 7.
3
1 (base 16) to base 12
1
What is 56 (base 16) in base 2?
1010110
What is 3 (base 15) in base 7?
3
What is -352 (base 9) in base 12?
-202
-1 (base 10) to base 4
-1
-9 (base 14) to base 3
-100
What is -1 (base 10) in base 2?
-1
-3 (base 11) to base 3
-10
What is -46 (base 10) in base 6?
-114
Convert 2 (base 9) to base 11.
2
-76 (base 12) to base 10
-90
Convert -1111100 (base 2) to base 3.
-11121
75 (base 16) to base 8
165
Convert 164 (base 7) to base 8.
137
Convert -25 (base 6) to base 9.
-18
Convert -a (base 16) to base 4.
-22
42 (base 6) to base 14
1c
dd (base 15) to base 12
154
Convert -c7 (base 14) to base 4.
-2233
-21 (base 6) to base 16
-d
What is -cc (base 14) in base 11?
-154
Convert -141 (base 7) to base 3.
-2220
Convert -15 (base 11) to base 3.
-121
What is -63 (base 14) in base 12?
-73
Convert 3 (base 10) to base 2.
11
Convert -43 (base 6) to base 8.
-33
What is -121 (base 7) in base 11?
-59
What is -131 (base 7) in base 12?
-5b
Convert -413 (base 5) to base 6.
-300
Convert 1 (base 3) to base 10.
1
-45 (base 16) to base 10
-69
What is 5 (base 9) in base 5?
10
Convert 27 (base 11) to base 9.
32
1 (base 3) to base 6
1
Convert -4 (base 16) to base 8.
-4
-11 (base 12) to base 2
-1101
What is -1 (base 15) in base 7?
-1
-5 (base 7) to base 15
-5
Convert -7c (base 15) to base 9.
-140
15 (base 12) to base 8
21
What is 3 (base 7) in base 3?
10
What is 0 (base 6) in base 14?
0
What is -14b (base 14) in base 2?
-100000111
What is -25 (base 6) in base 10?
-17
What is -41 (base 14) in base 2?
-111001
What is 35 (base 14) in base 3?
1202
What is 34 (base 7) in base 8?
31
Convert 4 (base 8) to base 10.
4
Convert 2 (base 9) to base 2.
10
What is 40 (base 5) in base 14?
16
-1 (base 9) to base 13
-1
Convert 6 (base 10) to base 14.
6
-2 (base 4) to base 9
-2
185 (base 9) to base 15
a8
-2111 (base 4) to base 14
-a9
1a6 (base 11) to base 13
153
Convert 7 (base 14) to base 11.
7
What is 13 (base 10) in base 8?
15
What is -10 (base 10) in base 9?
-11
Convert -137 (base 15) to base 3.
-101021
Convert 100011001 (base 2) to base 6.
1145
What i